{"id":147,"date":"2013-08-13T11:59:28","date_gmt":"2013-08-13T09:59:28","guid":{"rendered":"http:\/\/kozuchowska.pl\/?page_id=147"},"modified":"2013-08-13T12:10:56","modified_gmt":"2013-08-13T10:10:56","slug":"cennik","status":"publish","type":"page","link":"https:\/\/kozuchowska.pl\/?page_id=147","title":{"rendered":"Cennik"},"content":{"rendered":"<p>Ceny us\u0142ug ksi\u0119gowych ustalane s\u0105 indywidualnie dla ka\u017cdego klienta.<\/p>\n<p>Uzale\u017cnione one s\u0105 od:<\/p>\n<ul>\n<li>rodzaju prowadzonej dzia\u0142alno\u015bci<\/li>\n<li>formy opodatkowania<\/li>\n<li>liczby dokument\u00f3w i stopnia skomplikowania operacji gospodarczych<\/li>\n<li>liczby zatrudnionych pracownik\u00f3w<\/li>\n<\/ul>\n","protected":false},"excerpt":{"rendered":"<p>Ceny us\u0142ug ksi\u0119gowych ustalane s\u0105 indywidualnie dla ka\u017cdego klienta. Uzale\u017cnione one s\u0105 od: rodzaju prowadzonej dzia\u0142alno\u015bci formy opodatkowania liczby dokument\u00f3w i stopnia skomplikowania operacji gospodarczych liczby zatrudnionych pracownik\u00f3w<\/p>\n","protected":false},"author":2,"featured_media":0,"parent":0,"menu_order":5,"comment_status":"closed","ping_status":"closed","template":"","meta":[],"_links":{"self":[{"href":"https:\/\/kozuchowska.pl\/index.php?rest_route=\/wp\/v2\/pages\/147"}],"collection":[{"href":"https:\/\/kozuchowska.pl\/index.php?rest_route=\/wp\/v2\/pages"}],"about":[{"href":"https:\/\/kozuchowska.pl\/index.php?rest_route=\/wp\/v2\/types\/page"}],"author":[{"embeddable":true,"href":"https:\/\/kozuchowska.pl\/index.php?rest_route=\/wp\/v2\/users\/2"}],"replies":[{"embeddable":true,"href":"https:\/\/kozuchowska.pl\/index.php?rest_route=%2Fwp%2Fv2%2Fcomments&post=147"}],"version-history":[{"count":5,"href":"https:\/\/kozuchowska.pl\/index.php?rest_route=\/wp\/v2\/pages\/147\/revisions"}],"predecessor-version":[{"id":155,"href":"https:\/\/kozuchowska.pl\/index.php?rest_route=\/wp\/v2\/pages\/147\/revisions\/155"}],"wp:attachment":[{"href":"https:\/\/kozuchowska.pl\/index.php?rest_route=%2Fwp%2Fv2%2Fmedia&parent=147"}],"curies":[{"name":"wp","href":"https:\/\/api.w.org\/{rel}","templated":true}]}}